{"id":3512,"date":"2023-09-12T20:30:51","date_gmt":"2023-09-12T18:30:51","guid":{"rendered":"https:\/\/sp2.ustron.pl\/p2\/?page_id=3512"},"modified":"2023-10-04T08:40:16","modified_gmt":"2023-10-04T06:40:16","slug":"ochrona-rodzicielska-ose","status":"publish","type":"page","link":"https:\/\/sp2.ustron.pl\/p2\/ochrona-rodzicielska-ose\/","title":{"rendered":"Ochrona rodzicielska-OSE"},"content":{"rendered":"\t\t<div data-elementor-type=\"wp-page\" data-elementor-id=\"3512\" class=\"elementor elementor-3512\">\n\t\t\t\t\t\t<section class=\"elementor-section elementor-top-section elementor-element elementor-element-fde8d84 elementor-section-boxed elementor-section-height-default elementor-section-height-default\" data-id=\"fde8d84\" data-element_type=\"section\" data-e-type=\"section\">\n\t\t\t\t\t\t<div class=\"elementor-container elementor-column-gap-default\">\n\t\t\t\t\t<div class=\"elementor-column elementor-col-100 elementor-top-column elementor-element elementor-element-17fc544\" data-id=\"17fc544\" data-element_type=\"column\" data-e-type=\"column\">\n\t\t\t<div class=\"elementor-widget-wrap elementor-element-populated\">\n\t\t\t\t\t\t<div class=\"elementor-element elementor-element-d414f19 elementor-widget elementor-widget-text-editor\" data-id=\"d414f19\" data-element_type=\"widget\" data-e-type=\"widget\" data-widget_type=\"text-editor.default\">\n\t\t\t\t<div class=\"elementor-widget-container\">\n\t\t\t\t\t\t\t\t\t<p>Szanowni Pa\u0144stwo,<\/p><p>bezpiecze\u0144stwo w sieci jest osi\u0105 wszystkich dzia\u0142a\u0144, kt\u00f3re realizujemy w ramach programu Og\u00f3lnopolskiej Sieci Edukacyjnej (OSE). Dotychczas zapewniali\u015bmy je w sieci szkolnej, teraz robimy kolejny krok i prezentujemy rozwi\u0105zanie\u00a0<strong>mOchrona \u2013 aplikacj\u0119 ochrony rodzicielskiej OSE<\/strong>, dost\u0119pn\u0105 bezp\u0142atnie na smartfony, tablety i komputery.<\/p><p>Zach\u0119camy do podzielenia si\u0119 informacj\u0105 o tym produkcie z rodzicami Pa\u0144stwa uczni\u00f3w.<\/p><p>mOchrona to narz\u0119dzie\u00a0wspieraj\u0105ce\u00a0ustalanie regu\u0142 dotycz\u0105cych korzystania z internetu i aplikacji oraz pozwalaj\u0105ce rodzicom na dost\u0119p do informacji o aktywno\u015bci dziecka na jego urz\u0105dzeniu. Dzia\u0142a poprzez po\u0142\u0105czenie (sparowanie) sprz\u0119t\u00f3w rodzica i dziecka.<\/p><p>Konto rodzica, zabezpieczone kodem PIN, pozwala na wyb\u00f3r kategorii stron internetowych i aplikacji, do kt\u00f3rych dziecko nie powinno mie\u0107 dost\u0119pu \u2013 np. dlatego, \u017ce zawieraj\u0105 tre\u015bci niebezpieczne lub nieodpowiednie dla jego wieku. Co wa\u017cne, w ramach ka\u017cdej kategorii mo\u017cna ustala\u0107 wyj\u0105tki, a tak\u017ce w dowolnym momencie zmieni\u0107 wprowadzone ustawienia. Ca\u0142y proces jest intuicyjny i prosty w obs\u0142udze.<\/p><p>Aplikacja ochrony rodzicielskiej OSE mo\u017ce pom\u00f3c tak\u017ce w diagnozowaniu problem\u00f3w, np. tych zwi\u0105zanych z nadu\u017cywaniem urz\u0105dze\u0144 cyfrowych przez dzieci. Dzi\u0119ki danym zawartym w raportach rodzic dowie si\u0119, ile czasu dziecko po\u015bwi\u0119ca na poszczeg\u00f3lne aktywno\u015bci \u2013 aplikacje czy media spo\u0142eczno\u015bciowe. Je\u015bli co\u015b wzbudzi jego obawy, ma szans\u0119 zareagowa\u0107.<\/p><p><strong>Aplikacja mOchrona jest narz\u0119dziem wspieraj\u0105cym. Kluczow\u0105 rol\u0119 w ochronie dzieci przed cyberzagro\u017ceniami ju\u017c od najm\u0142odszych lat odgrywa odpowiednia edukacja i kszta\u0142towanie prawid\u0142owych nawyk\u00f3w dotycz\u0105cych korzystania z urz\u0105dze\u0144 cyfrowych<\/strong>. Dlatego zach\u0119camy, aby temat bezpiecze\u0144stwa w sieci by\u0142 stale obecny w Pa\u0144stwa szkole. Pomog\u0105 w tym nasze zasoby \u2013 w tym platforma\u00a0<span style=\"color: #ff6600;\"><a style=\"color: #ff6600;\" href=\"https:\/\/it-szkola.edu.pl\/\">OSE IT Szko\u0142a<\/a>,<\/span> na kt\u00f3rej znajduj\u0105 si\u0119 materia\u0142y edukacyjne m.in. z zakresu cyberbezpiecze\u0144stwa.<\/p><p>Wi\u0119cej informacji o produkcie mo\u017cna znale\u017a\u0107 na stronie:\u00a0<span style=\"color: #ff6600;\"><a style=\"color: #ff6600;\" href=\"https:\/\/ose.gov.pl\/mochrona\">ose.gov.pl\/mochrona<\/a>.<\/span><\/p><p>Z serdecznymi pozdrowieniami<\/p><p>Zesp\u00f3\u0142 OSE \u2013 Og\u00f3lnopolska Sie\u0107 Edukacyjna<\/p><p><span style=\"color: #ff6600;\"><a style=\"color: #ff6600;\" href=\"https:\/\/www.nask.pl\/\">nask.pl\u00a0<\/a>|\u00a0<a style=\"color: #ff6600;\" href=\"https:\/\/ose.gov.pl\/\">ose.gov.pl\u00a0<\/a>|\u00a0<a style=\"color: #ff6600;\" href=\"https:\/\/osehero.pl\/\">osehero.pl\u00a0<\/a>I\u00a0<a style=\"color: #ff6600;\" href=\"https:\/\/it-szkola.edu.pl\/\">it-szkola.edu.pl<\/a><\/span><\/p><p><span style=\"color: #ff6600;\"><a style=\"color: #ff6600;\" href=\"https:\/\/www.facebook.com\/OSEgovpl\">Facebook OSE \u2013 Og\u00f3lnopolska Sie\u0107 Edukacyjna<\/a><\/span><\/p>\t\t\t\t\t\t\t\t<\/div>\n\t\t\t\t<\/div>\n\t\t\t\t\t<\/div>\n\t\t<\/div>\n\t\t\t\t\t<\/div>\n\t\t<\/section>\n\t\t\t\t<\/div>\n\t\t","protected":false},"excerpt":{"rendered":"<p>Szanowni Pa\u0144stwo, bezpiecze\u0144stwo w sieci jest osi\u0105 wszystkich dzia\u0142a\u0144, kt\u00f3re realizujemy w ramach programu Og\u00f3lnopolskiej Sieci Edukacyjnej (OSE). Dotychczas zapewniali\u015bmy je w sieci szkolnej, teraz robimy kolejny krok i prezentujemy rozwi\u0105zanie\u00a0mOchrona \u2013 aplikacj\u0119 ochrony rodzicielskiej OSE, dost\u0119pn\u0105 bezp\u0142atnie na smartfony, tablety i komputery. Zach\u0119camy do podzielenia si\u0119 informacj\u0105 o tym produkcie z rodzicami Pa\u0144stwa uczni\u00f3w. [&hellip;]<\/p>\n","protected":false},"author":1,"featured_media":0,"parent":0,"menu_order":0,"comment_status":"closed","ping_status":"closed","template":"","meta":{"ocean_post_layout":"","ocean_both_sidebars_style":"","ocean_both_sidebars_content_width":0,"ocean_both_sidebars_sidebars_width":0,"ocean_sidebar":"0","ocean_second_sidebar":"0","ocean_disable_margins":"enable","ocean_add_body_class":"","ocean_shortcode_before_top_bar":"","ocean_shortcode_after_top_bar":"","ocean_shortcode_before_header":"","ocean_shortcode_after_header":"","ocean_has_shortcode":"","ocean_shortcode_after_title":"","ocean_shortcode_before_footer_widgets":"","ocean_shortcode_after_footer_widgets":"","ocean_shortcode_before_footer_bottom":"","ocean_shortcode_after_footer_bottom":"","ocean_display_top_bar":"default","ocean_display_header":"default","ocean_header_style":"","ocean_center_header_left_menu":"0","ocean_custom_header_template":"0","ocean_custom_logo":0,"ocean_custom_retina_logo":0,"ocean_custom_logo_max_width":0,"ocean_custom_logo_tablet_max_width":0,"ocean_custom_logo_mobile_max_width":0,"ocean_custom_logo_max_height":0,"ocean_custom_logo_tablet_max_height":0,"ocean_custom_logo_mobile_max_height":0,"ocean_header_custom_menu":"0","ocean_menu_typo_font_family":"0","ocean_menu_typo_font_subset":"","ocean_menu_typo_font_size":0,"ocean_menu_typo_font_size_tablet":0,"ocean_menu_typo_font_size_mobile":0,"ocean_menu_typo_font_size_unit":"px","ocean_menu_typo_font_weight":"","ocean_menu_typo_font_weight_tablet":"","ocean_menu_typo_font_weight_mobile":"","ocean_menu_typo_transform":"","ocean_menu_typo_transform_tablet":"","ocean_menu_typo_transform_mobile":"","ocean_menu_typo_line_height":0,"ocean_menu_typo_line_height_tablet":0,"ocean_menu_typo_line_height_mobile":0,"ocean_menu_typo_line_height_unit":"","ocean_menu_typo_spacing":0,"ocean_menu_typo_spacing_tablet":0,"ocean_menu_typo_spacing_mobile":0,"ocean_menu_typo_spacing_unit":"","ocean_menu_link_color":"","ocean_menu_link_color_hover":"","ocean_menu_link_color_active":"","ocean_menu_link_background":"","ocean_menu_link_hover_background":"","ocean_menu_link_active_background":"","ocean_menu_social_links_bg":"","ocean_menu_social_hover_links_bg":"","ocean_menu_social_links_color":"","ocean_menu_social_hover_links_color":"","ocean_disable_title":"default","ocean_disable_heading":"default","ocean_post_title":"","ocean_post_subheading":"","ocean_post_title_style":"","ocean_post_title_background_color":"","ocean_post_title_background":0,"ocean_post_title_bg_image_position":"","ocean_post_title_bg_image_attachment":"","ocean_post_title_bg_image_repeat":"","ocean_post_title_bg_image_size":"","ocean_post_title_height":0,"ocean_post_title_bg_overlay":0.5,"ocean_post_title_bg_overlay_color":"","ocean_disable_breadcrumbs":"default","ocean_breadcrumbs_color":"","ocean_breadcrumbs_separator_color":"","ocean_breadcrumbs_links_color":"","ocean_breadcrumbs_links_hover_color":"","ocean_display_footer_widgets":"default","ocean_display_footer_bottom":"default","ocean_custom_footer_template":"0","footnotes":""},"class_list":["post-3512","page","type-page","status-publish","hentry","entry"],"_links":{"self":[{"href":"https:\/\/sp2.ustron.pl\/p2\/wp-json\/wp\/v2\/pages\/3512","targetHints":{"allow":["GET"]}}],"collection":[{"href":"https:\/\/sp2.ustron.pl\/p2\/wp-json\/wp\/v2\/pages"}],"about":[{"href":"https:\/\/sp2.ustron.pl\/p2\/wp-json\/wp\/v2\/types\/page"}],"author":[{"embeddable":true,"href":"https:\/\/sp2.ustron.pl\/p2\/wp-json\/wp\/v2\/users\/1"}],"replies":[{"embeddable":true,"href":"https:\/\/sp2.ustron.pl\/p2\/wp-json\/wp\/v2\/comments?post=3512"}],"version-history":[{"count":4,"href":"https:\/\/sp2.ustron.pl\/p2\/wp-json\/wp\/v2\/pages\/3512\/revisions"}],"predecessor-version":[{"id":3744,"href":"https:\/\/sp2.ustron.pl\/p2\/wp-json\/wp\/v2\/pages\/3512\/revisions\/3744"}],"wp:attachment":[{"href":"https:\/\/sp2.ustron.pl\/p2\/wp-json\/wp\/v2\/media?parent=3512"}],"curies":[{"name":"wp","href":"https:\/\/api.w.org\/{rel}","templated":true}]}}